ighest common factor of 9 and k.
9
Suppose 0 = 5*r + 7 - 47. Suppose -h - 61*l + 297 = -56*l, -6*h + l = -1379. Calculate the highest common divisor of r and h.
8
Suppose -50 = 7*f - 2*f. Let x = f - -738. Suppose 0*a = 7*a - x. Calculate the highest common divisor of 26 and a.
26
Suppose 5*p + 41 = 166. Suppose d - 5*d = -5*o + 3, -10 = 5*d. Let c be (o - -3) + -14 + 7 + 230. What is the highest common factor of p and c?
25
Let c be (-3 + (-378)/(-12))*156. Calculate the highest common factor of c and 26.
26
Suppose -f - 6 = 0, -33*f + 29*f = 5*a - 21396. Calculate the greatest common factor of a and 18.
18
Suppose 484*u = 858365 + 5594807. Calculate the highest common factor of u and 597.
199
Let u be ((-85)/2)/(-17) + (-626)/(-4) + 2. What is the highest common divisor of u and 14?
7
Let m(o) = 222*o - 3959. Let n be m(21). Calculate the highest common divisor of n and 185.
37
Suppose z - 77 = -4*s, -5*s + 110 = -z + 5*z. Let l(i) = -130*i + 1009. Let o be l(7). Calculate the highest common factor of o and s.
9
Let w(r) = -11*r + 29. Let p be w(-8). Suppose 2*o + 110*o = -8*o + 1560. Calculate the greatest common factor of p and o.
13
Suppose 8*b = -3007 - 4729. Let g = b - -1254. What is the highest common factor of 7 and g?
7
Let q = 7871 + -7854. Calculate the greatest common factor of q and 42687.
17
Let i be ((-6)/(-9) - (-22)/(-33)) + 518. Calculate the highest common divisor of i and 592.
74
Let g(l) = -20*l + 102. Let q be g(5). Suppose -4*s + 56 = -q*s + 4*p, p = -2*s + 65. What is the highest common divisor of 2 and s?
2
Suppose -20 = -5*x, -k + 9 = 5*x - 16. Let l be ((-1629)/362)/((-1)/60*2). Calculate the greatest common factor of k and l.
5
Suppose 11*w - 61 - 104 = 0. Suppose -5*m - 130 = -w*m. What is the highest common divisor of 13 and m?
13
Suppose -s - 9 = -18. Let k(b) = 4*b**2 + 6*b - 7. Let o be k(1). What is the greatest common factor of s and o?
3
Suppose 2*r - 14*t - 2150 = -9*t, 4*r + t - 4344 = 0. What is the greatest common divisor of 35 and r?
35
Suppose -2*z = 0, -311 = -4*f - 3*z + 809. Let d = -221 + f. Calculate the greatest common factor of d and 2.
1
Let u(x) = 3899*x**2 + 13*x + 15. Let g be u(-1). Calculate the highest common factor of g and 47.
47
Let k be 29 - ((-6)/3 + 3). Suppose -4*o + 7035 = 3*o. Let c be o/9 + (-6)/(-18). What is the greatest common divisor of c and k?
28
Let w be 78/(-13) - (4/28 + (-21174)/42). Calculate the highest common factor of 2158 and w.
166
Let y(i) = -4*i**2 + 235*i + 222. Let s be y(57). Calculate the greatest common factor of 23 and s.
23
Suppose 0 = -30*l + 1923 - 1143. Let y be 16/(-3)*3*-1. Suppose -4*t = y, -4*r - 3 + 359 = 2*t. What is the highest common factor of l and r?
13
Suppose l - 15 = z, -14*z - 65 = -4*l - 9*z. Let s be ((-36)/l)/(((-561)/(-880))/(-17)). Calculate the greatest common divisor of s and 120.
24
Let r be (-4)/24*8*(-169 + (7 - 3)). Calculate the highest common divisor of r and 88.
44
Let l be (-535466)/(-476) + (-2)/(-28). Suppose 3*m + l = 28*m. What is the greatest common divisor of m and 72?
9
Let w be 28/6*(-2 + 21/6). Let d(b) = b**3 - 8*b**2 + 9*b - 3. Let u be d(w). Calculate the highest common factor of 11 and u.
11
Suppose -4*r - 99 = -2*i - 3*r, -3*i - 2*r + 152 = 0. Calculate the highest common divisor of 13000 and i.
50
Let o(w) = w**3 + 11*w**2 + 7*w - 34. Let f be o(-9). Suppose -526*c = -525*c - f. Calculate the greatest common factor of 26 and c.
13
Suppose 2*f = -6, -3*f - 450 = -4*g - f. What is the highest common factor of 37 and g?
37
Suppose -36*s - 4*t - 801 = -41*s, 5*t - 5 = 0. Calculate the greatest common divisor of s and 14.
7
Let h = -30 - -33. Suppose 7 = h*i + 43. Let d(a) = -a**2 - 19*a - 29. Let v be d(i). Calculate the greatest common factor of 5 and v.
5
Suppose 30*u = 15*u + 16*u - 594. Calculate the greatest common divisor of u and 864.
54
Suppose 50 = 2*m + 8*m. Suppose 0 = 2*h - m*h + 45. Calculate the highest common divisor of h and 75.
15
Suppose -x + 5193 = -2*t, -4*x = 277*t - 281*t - 20752. Calculate the greatest common divisor of 71 and x.
71
Suppose 4*o - 3*n - 62412 = -5185, 0 = 2*o + 5*n - 28659. Calculate the highest common factor of 16 and o.
8
Let b be 110/(-77)*(-1645)/10. Calculate the highest common divisor of b and 10.
5
Let d = -55 + 82. Suppose 29*k - d*k = 0. Suppose -5*v + 151 + 399 = k. Calculate the greatest common divisor of 10 and v.
10
Suppose -4*o = -16, -3*s = -5*o - 14 + 673. Let g = -81 - s. Calculate the greatest common factor of 330 and g.
66
Suppose -5*q + 387 = 2*y, 4*q - 87 = -3*y + 224. Suppose -4*b + 2782 = -2*d, 2*d + 1406 = 2*b - 2*d. What is the highest common factor of q and b?
77
Let p(y) = 7*y - 5. Suppose -4*m + l = -2*m - 6, -25 = -m - 5*l. Let k be p(m). Let c = 1424 - 1418. Calculate the greatest common divisor of k and c.
6
Suppose 0 = 4*o + 4*m - 61252 + 5320, 4*o - 3*m = 55953. Calculate the highest common divisor of o and 74.
74
Let w be 5/(5/(-24))*-37. Suppose i = -2*i + 3*r + w, -590 = -2*i + 3*r. Suppose -3*y + 1189 = i. What is the greatest common factor of y and 27?
27
Let w = 120 - -97. Suppose -219*q = -w*q. Suppose q = 5*f + 2*x - 1314, 127 = -f + 4*x + 403. Calculate the highest common factor of 24 and f.
24
Let o = 38 - 47. Let y be o/108*-1419 - 6/(-8). What is the highest common divisor of 7 and y?
7
Let l(c) = 72*c**3 - 6*c**2 - 6*c + 11. Let o be l(1). Calculate the highest common factor of 17 and o.
1
Suppose -30*x + 22*x = -1632. Suppose -3*c + 87 = -f, -6*f + 5*c - 369 = -2*f. Let b = f + x. Calculate the highest common factor of b and 12.
12
Let t be 3 + 76/(-4 - -3). Let x = t - -79. Let q be ((-12)/(-9))/((-2)/(-36)). What is the highest common divisor of q and x?
6
Suppose 108 = y + 2*v - 48, -4*y = 2*v - 588. What is the highest common factor of y and 176?
16
Suppose -80*h + 5088 = -64*h. Suppose 0 = -2*q + 2*c + 470, -h - 131 = -2*q - 5*c. Calculate the greatest common divisor of 87 and q.
29
Let k(p) = -p**2 - 5*p + 22. Let d be k(9). Let s = 107 + d. What is the highest common factor of 15 and s?
3
Let h(g) = 420*g - 444. Let v be h(2). Calculate the greatest common factor of v and 2244.
132
Let t be (-3)/(3/(-38)*1). Let s(n) = 3*n**2 - 16*n + 15. Let d be s(6). Suppose -d*v + 57 = -24*v. Calculate the greatest common factor of t and v.
19
Suppose 8*p - 49 = 9*p. Let d = p - -45. Let y be (8/4)/(-2) - d. Calculate the highest common divisor of y and 15.
3
Suppose -n - 3 + 13 = -5*f, 8 = -3*f + n. Let m be 2184/112*(-10)/f. What is the highest common factor of m and 117?
39
Let z be 4812/60 - (-6 - 124/(-20)). What is the highest common factor of z and 176?
16
Suppose -9*i - 32*i = -1107. Calculate the highest common divisor of 15228 and i.
27
Let c(p) = p**2 - 46*p - 1234. Let k be c(65). Calculate the greatest common divisor of 401 and k.
1
Suppose -17*h + 13*h - 2820 = -5*f, 3*f - 4*h = 1700. Calculate the highest common factor of f and 32.
16
Let v be (16 - 14) + 1 + 18 + -3. Suppose 37*l = v*l + 836. What is the highest common divisor of l and 253?
11
Let b = 1620 + -950. Calculate the highest common factor of b and 20.
10
Suppose -42071 = 118*q - 50065 - 296564. Calculate the highest common factor of 445 and q.
89
Let f(c) = c**3 + 15*c**2 + 54*c + 418. Let m be f(-13). What is the highest common factor of 45 and m?
9
Suppose 15 + 7 = -2*q - 5*n, -4*n - 19 = 3*q. Let i be 0 + 1 + (q - -53). Let m = i - 40. Calculate the highest common divisor of 13 and m.
13
Suppose 5*s + 3*f - 12 = 3*s, -60 = -4*s + 3*f. Suppose 4080 = 3*q + s*q. Calculate the highest common divisor of q and 340.
68
Let q = -3 - -10. Suppose -3*b = -0*d - 2*d + 96, 0 = b + 5*d + 15. Let k be -21*(-2 - b/(-18)). What is the highest common factor of q and k?
7
Suppose 51295 - 156455 = -239*q. What is the greatest common divisor of 5104 and q?
88
Suppose 234 = -41*l + 46*l - 3*s, -5*l + 222 = s. Suppose -l*r + 11856 = -7*r. What is the highest common factor of r and 117?
39
Let w(c) = c**2 + c - 26. Let v be w(-5). Let z be (v/15)/(6/1275*-5). Calculate the highest common factor of z and 3.
1
Let b = 1 - -8. Let w = -2452 - -2533. Calculate the greatest common divisor of w and b.
9
Let f = -215 + 1195. Suppose -f = -20*j - 15*j. Calculate the greatest c